q) = 4 + 2 + x*q + 4*q + q**2. Calculate the remainder when 58 is divided by p(-9).
13
Suppose -2*i = 5*g + i - 297, -3*g = 3*i - 183. Let b = 53 - 45. What is the remainder when (g/(-2))/((-4)/b) is divided by 15?
12
Suppose 0 = -4*x - 3 + 55. Suppose -2*s - 2*v - v - 24 = 0, -s - 5 = -2*v. Calculate the remainder when (3/s)/((-8)/552) is divided by x.
10
Let y = 6 - 2. Suppose -3*g = y*b - 28, 4*b - 9 - 19 = -4*g. Let u(f) = 2*f - 7. Calculate the remainder when 27 is divided by u(b).
6
Let k(h) = -h**2 + 3*h. Let u be k(3). Suppose u = -0*z + z - 21. What is the remainder when 125 is divided by z?
20
Let f(z) = z**3 + 4*z**2 + z - 2. Let u be f(-3). Suppose 2*t - 4 = u*t. Let s = 3 - t. Calculate the remainder when 8 is divided by s.
3
Let b = -328 - -367. What is the remainder when b is divided by 9?
3
Suppose -14 = -a - 2. Let i = -8 + a. Suppose -3*m = 4*d - 242, 6*d + i*m - 185 = 3*d. What is the remainder when d is divided by 20?
19
Let n = 5 + -1. Let p be (-115)/(-25) + n/10. Suppose 4*t - p*x - 26 = 0, -5*t - x = -4*x - 39. Calculate the remainder when 15 is divided by t.
6
Let a(r) = r**3 + r**2 + r + 7. What is the remainder when a(4) is divided by 16?
11
Suppose -4599 = -78*b - 465. Calculate the remainder when b is divided by 19.
15
Calculate the remainder when (-4 - (-15)/5)/((-2)/332) is divided by 34.
30
Suppose -4*a = -3*p - 287, -3*p + 108 = 2*a - 49. Let j = 0 - -16. What is the remainder when a is divided by j?
10
Let r = -16 - -69. Suppose r = 3*p + c, -3*p + 3*c - 3 = -36. Calculate the remainder when 31 is divided by p.
15
Let r = -156 - -174. Let v be (-1 + 0 + -18)/(-1). Suppose 4*l + 2*h - 18 = 0, 1 = 4*l + 4*h - v. What is the remainder when r is divided by l?
2
Calculate the remainder when (-2)/((-4)/38) + 1 is divided by (((-215)/86)/(10/(-32)))/(-1 + 2).
4
Let k = 6754 - 6736. Let v(z) = -z + 2. Calculate the remainder when k is divided by v(-5).
4
Let i = 86 + -91. Let a = i + 34. Let x(o) = -o**3 - 2*o**2 - 2*o. Calculate the remainder when x(-5) is divided by a.
27
Let s(o) = o**2 - 28*o + 207. Calculate the remainder when 326 is divided by s(12).
11
Calculate the remainder when 144 is divided by 134/4*(-4 - -8).
10
Let h(p) = p**3 + p - 3*p + 4*p - 9*p**2 + 2*p**2 - 2. Let m be h(7). What is the remainder when 37 is divided by 11 + 3/(m/(-4))?
7
Suppose -2*v = -x + 44, 4*v = 3*x + x - 176. Calculate the remainder when 155 is divided by x.
23
Let f be -33 - (-4)/(-1 + 0). Let o = 45 + f. Calculate the remainder when 23 is divided by o.
7
Suppose -7*y + 178 = -32. What is the remainder when 115 is divided by y?
25
Suppose -367 = 2*c - 379. What is the remainder when 62 is divided by c?
2
Suppose 4*y + 3*n + 2*n + 34 = 0, 0 = -3*y + 4*n - 10. Let p = y + 12. Calculate the remainder when 22 is divided by p.
4
Let c = -28 - -127. Calculate the remainder when c is divided by 29.
12
Let n(r) = r**3 + 17*r**2 - 17*r + 47. What is the remainder when 55 is divided by n(-18)?
26
Suppose r - 2*r + 30 = 0. Suppose 25*u - 2935 = -10. What is the remainder when u is divided by r?
27
Let x(w) = w**2 + 21*w - 26. Calculate the remainder when 54 is divided by x(-23).
14
Let g = -694 + 766. What is the remainder when g is divided by 3?
0
Suppose 0 = -3*a - 134 + 338. Suppose 0*n - 2*n = -a. What is the remainder when n is divided by 19?
15
Suppose 125 + 344 = 7*w. Suppose -5*j - w = -q, -q + 6*j = 2*j - 64. What is the remainder when 259 is divided by q?
51
Let l = -39 + 43. Let n = -5 + 8. What is the remainder when 79 is divided by 240/l*1/n?
19
Suppose 4*z = -0*z + 20. Suppose -2*n + 5*f = -355, 0 = -z*n + 3*f + 495 + 440. Suppose n = m + m. What is the remainder when m is divided by 24?
23
Suppose -2*r = 1 - 5. Suppose -3*w + 101 = 5*c, -w - r*w + 5*c + 151 = 0. What is the remainder when w is divided by 15?
12
Suppose -80 = 11*o - 16*o + 5*t, 41 = o + 4*t. What is the remainder when 87 is divided by o?
3
Let u = 50 + -28. Suppose -5*l - 3*p = -26, 0 = -3*l - 3*p + 12. Let s(a) = -3*a**3 + 21*a**2 + 13. What is the remainder when u is divided by s(l)?
9
Suppose -34 + 14 = -2*i. Calculate the remainder when 2437 is divided by i.
7
Let v(d) = -3*d**2 + 132*d - 10. Calculate the remainder when v(13) is divided by 172.
167
Let x = -17 + 19. Let o = 12 - x. Let c(q) = q + 1. What is the remainder when o is divided by c(3)?
2
Let o(g) = -g**2 + 10*g - 11. What is the remainder when (-1)/((-2)/(-25))*-2 is divided by o(5)?
11
Suppose -18*o - 12*o + 2220 = 0. Calculate the remainder when o is divided by 7.
4
What is the remainder when -1 - -3 - (4 + -4) is divided by (-3)/((-12)/10)*4/10?
0
Suppose 0 = -a + x + 464 - 110, 2*a - 706 = x. Suppose 0 = -4*t + 4*u + a, -3*t + u = -0*u - 258. Calculate the remainder when t is divided by 23.
16
Suppose 2*a + 3*f = -2*f + 11, 3*f - 17 = -2*a. Calculate the remainder when a is divided by 4/(-5) + 136/20.
1
Let v(k) = -59*k - 1038. Calculate the remainder when v(-18) is divided by (-1)/((-12)/10 + 1).
4
Let p = -110 - -110. Suppose p = -5*x - 4*x + 135. Calculate the remainder when 33 is divided by x.
3
Let s be (-39)/26 + (0 - 37/(-2)). Suppose -z - 22 + 8 = 0. Let i = z + s. Calculate the remainder when 8 is divided by i.
2
Suppose -w + 30 = -4*y - 21, -5*y - 193 = -4*w. Suppose -2*b - b = 4*k - 64, 4*b = -2*k + 72. What is the remainder when w is divided by b?
15
Let x(a) = -2*a - 25. Let v be x(-13). Let g(k) = 3 - 2*k + 3*k + 3 - v. Calculate the remainder when 41 is divided by g(6).
8
Let l = 1252 + -1226. Calculate the remainder when 134 is divided by l.
4
Let m = 9 + -6. Calculate the remainder when m + -1 - (-33)/3 is divided by (-2 - 0)/(-4)*(-3 - -17).
6
Calculate the remainder when 586 is divided by 1*(10 - 14) - -7.
1
Let x(v) = 12*v**2 + 7*v + 30. Let s be x(-5). Let b = -201 + s. Calculate the remainder when b is divided by 12.
10
Let y(c) = c**3 + 2*c + 135. Let t be y(0). Calculate the remainder when 27 is divided by (1 - t/25)*-5.
5
What is the remainder when 113 is divided by 3360/350*(-5)/(-4)?
5
Let y(u) = -u**3 - 2*u - 4. Let d(z) be the first derivative of z**4/4 - 5*z**3 + 7*z**2 + 8*z + 19. What is the remainder when y(-3) is divided by d(14)?
5
Let o be (6 + -9)*(0 - (-1)/(-1)). Suppose 2*g = -o*x + 108, 4*g - 9 = 3*x + 171. What is the remainder when g is divided by 18?
12
Let b be 1/(-2)*((-15)/(-5) + -5). What is the remainder when ((-7)/b)/(7/(-35)) is divided by 19?
16
Let x = 700 + -669. What is the remainder when 109 is divided by x?
16
Suppose -5*b - 108 = b. Calculate the remainder when 67 is divided by (-20)/8*b/5.
4
Suppose -1695*z + 320 = -1679*z. What is the remainder when 452 is divided by z?
12
Let r = 443 - -65. Suppose -3*z + 77 = -5*t + r, 5*t + z - 423 = 0. Calculate the remainder when t is divided by 22.
19
Suppose -2*n + 415 = 3*n. Suppose 6*r - 134 + 404 = 0. Let j = n + r. What is the remainder when j is divided by 10?
8
What is the remainder when 87 is divided by ((-46)/(-3))/(-8*(-2)/24)?
18
Suppose 0 = 10*s - 863 + 253. Suppose -11*c + 6*c + 155 = 0. Calculate the remainder when s is divided by c.
30
Let w be (-1 - 1) + 35/7. Suppose w*h - 1 = 5. What is the remainder when 4 is divided by h?
0
Let l = 1158 + -1128. Let n = 6 + 3. What is the remainder when l is divided by n?
3
Let g be 6/3*(-9)/(-6). Suppose -i = g*k - 61, 2*i - 51 = -3*k - i. Calculate the remainder when 17 is divided by 1/(2/k) - 2.
8
Calculate the remainder when 108 is divided by (-10)/(-15)*102 - (-2)/1.
38
Let a = -21 - -3. Let b be ((-12)/18)/((-4)/a). What is the remainder when 71 is divided by (180/25)/(b/(-10))?
23
Suppose 0 = 9*v - 11*v - 38. Let w = v - -117. What is the remainder when w is divided by 25?
23
Let j = -418 - -542. What is the remainder when j is divided by 6?
4
Let j(f) = -2*f**2 + 4 + 3*f - 2*f**2 + 5*f**2. Calculate the remainder when 11 is divided by j(-3).
3
Let b = -579 - -324. Calculate the remainder when ((1 + -2)*1)/(5/b) is divided by 18.
15
Suppose d + 5*u = 33, d = -4*d + 3*u + 53. Suppose -a - 14 = c, -4*a = -3*a - 1. Calculate the remainder when (-6)/c - 1518/(-30) is divided by d.
12
Let k = 111 + -97. Calculate the remainder when 39 is divided by k.
11
Suppose 18 = 10*x - 22. Suppose -5*y + 131 = 4*k, 0 = x*y - 3*k - 88 - 23. C